5, 17, 31
List the prime factors of 1204412.
2, 11, 31, 883
What are the prime factors of 11584010?
2, 5, 1158401
List the prime factors of 475889.
475889
List the prime factors of 11297.
11, 13, 79
List the prime factors of 6987414.
2, 3, 7, 43, 53, 73
List the prime factors of 146254.
2, 73127
List the prime factors of 1247495.
5, 249499
What are the prime factors of 5214573?
3, 7, 13, 6367
What are the prime factors of 12098433?
3, 4032811
List the prime factors of 454183.
454183
What are the prime factors of 1904701?
1904701
List the prime factors of 17096271.
3, 17, 335221
List the prime factors of 9028897.
41, 220217
What are the prime factors of 413918?
2, 43, 4813
List the prime factors of 27525.
3, 5, 367
What are the prime factors of 5661151?
23, 101, 2437
List the prime factors of 2504486.
2, 151, 8293
What are the prime factors of 328808?
2, 23, 1787
What are the prime factors of 1349446?
2, 7, 113, 853
What are the prime factors of 551527?
467, 1181
List the prime factors of 24838098.
2, 3, 463, 8941
What are the prime factors of 837104?
2, 113, 463
List the prime factors of 25296126.
2, 3, 43, 98047
List the prime factors of 186337.
17, 97, 113
List the prime factors of 13387904.
2, 104593
What are the prime factors of 5651548?
2, 7, 17, 31, 383
List the prime factors of 10773468.
2, 3, 101, 2963
What are the prime factors of 167495?
5, 139, 241
List the prime factors of 465986.
2, 151, 1543
List the prime factors of 2368563.
3, 23, 34327
List the prime factors of 366660.
2, 3, 5, 7, 97
List the prime factors of 23464736.
2, 733273
What are the prime factors of 55948?
2, 71, 197
List the prime factors of 44359374.
2, 3, 37, 211, 947
List the prime factors of 6150.
2, 3, 5, 41
List the prime factors of 6328963.
101, 223, 281
What are the prime factors of 5242988?
2, 23, 56989
What are the prime factors of 167827?
11, 19, 73
List the prime factors of 4323866.
2, 2161933
What are the prime factors of 2995357?
47, 101, 631
What are the prime factors of 13429407?
3, 29, 163, 947
What are the prime factors of 3089205?
3, 5, 7, 467
What are the prime factors of 10615?
5, 11, 193
What are the prime factors of 436836?
2, 3, 59, 617
What are the prime factors of 1948592?
2, 121787
What are the prime factors of 4562336?
2, 142573
What are the prime factors of 1376359?
1376359
What are the prime factors of 647568?
2, 3, 1499
What are the prime factors of 4062571?
4062571
What are the prime factors of 26811340?
2, 5, 827, 1621
What are the prime factors of 286299?
3, 13, 2447
List the prime factors of 136310.
2, 5, 43, 317
List the prime factors of 917631.
3, 11, 13, 23, 31
What are the prime factors of 3170981?
11, 41, 79, 89
List the prime factors of 64197.
3, 7, 1019
What are the prime factors of 316118?
2, 11, 14369
What are the prime factors of 2640105?
3, 5, 13, 4513
List the prime factors of 146919.
3, 48973
List the prime factors of 1279313.
7, 179, 1021
List the prime factors of 1139583.
3, 101, 3761
List the prime factors of 19415037.
3, 17, 199, 1913
What are the prime factors of 515761?
515761
List the prime factors of 8672728.
2, 197, 5503
List the prime factors of 314740.
2, 5, 15737
What are the prime factors of 1661701?
61, 27241
What are the prime factors of 1105585?
5, 13, 73, 233
List the prime factors of 1370810.
2, 5, 7, 19583
List the prime factors of 16290530.
2, 5, 41, 39733
What are the prime factors of 3571593?
3, 157, 7583
List the prime factors of 1133530.
2, 5, 263, 431
What are the prime factors of 6234415?
5, 11, 263, 431
What are the prime factors of 230652?
2, 3, 43, 149
What are the prime factors of 1506224?
2, 23, 4093
List the prime factors of 569519.
251, 2269
List the prime factors of 757156.
2, 73, 2593
What are the prime factors of 19649166?
2, 3, 293, 11177
List the prime factors of 2385760.
2, 5, 13, 31, 37
What are the prime factors of 9628391?
113, 139, 613
What are the prime factors of 11258229?
3, 353, 10631
List the prime factors of 657503.
7, 11, 8539
What are the prime factors of 10564362?
2, 3, 586909
What are the prime factors of 2619396?
2, 3, 13, 29, 193
What are the prime factors of 5156931?
3, 13, 132229
What are the prime factors of 1354540?
2, 5, 11, 47, 131
List the prime factors of 48804.
2, 3, 7, 83
List the prime factors of 396412.
2, 99103
List the prime factors of 390067.
390067
What are the prime factors of 40319?
23, 1753
List the prime factors of 574149.
3, 23, 53, 157
List the prime factors of 4839400.
2, 5, 24197
What are the prime factors of 2180757?
3, 31, 131, 179
What are the prime factors of 1356660?
2, 3, 5, 7537
What are the prime factors of 13213910?
2, 5, 1321391
What are the prime factors of 51542?
2, 25771
What are the prime factors of 161540?
2, 5, 41, 197
What are the prime factors of 1737960?
2, 3, 5, 7, 2069
What are the prime factors of 157020?
2, 3, 5, 2617
What are the prime factors of 1998188?
2, 109, 4583
What are the prime factors of 7432237?
97, 193, 397
List the prime factors of 49254.
2, 3, 8209
List the prime factors of 55219.
55219
List the prime factors of 80779.
80779
List the prime factors of 2770791.
3, 43, 47, 457
What are the prime factors of 3765534?
2, 3, 17, 19, 29, 67
List the prime factors of 3423302.
2, 1711651
List the prime factors of 6298346.
2, 3149173
List the prime factors of 16762.
2, 17, 29
What are the prime factors of 9017670?
2, 3, 5, 300589
List the prime factors of 13024337.
13024337
What are the prime factors of 732297?
3, 23, 10613
List the prime factors of 115996.
2, 47, 617
List the prime factors of 178737.
3, 13, 4583
List the prime factors of 6067.
6067
What are the prime factors of 161673?
3, 53891
List the prime factors of 536945.
5, 17, 6317
What are the prime factors of 753699?
3, 251233
What are the prime factors of 1269270?
2, 3, 5, 1567
What are the prime factors of 250762?
2, 19, 6599
What are the prime factors of 22620289?
22620289
List the prime factors of 1374392.
2, 171799
List the prime factors of 2046744.
2, 3, 7, 31, 131
What are the prime factors of 17497444?
2, 4374361
What are the prime factors of 406794?
2, 3, 151, 449
What are the prime factors of 492350?
2, 5, 43, 229
List the prime factors of 466267.
466267
What are the prime factors of 1265235?
3, 5, 84349
List the prime factors of 364253.
43, 197
What are the prime factors of 3576345?
3, 5, 238423
List the prime factors of 2896199.
41, 70639
List the prime factors of 2032292.
2, 508073
What are the prime factors of 3865229?
3865229
List the prime factors of 432228.
2, 3, 181, 199
What are the prime factors of 370831?
97, 3823
What are the prime factors of 753302?
2, 11, 97, 353
What are the prime factors of 36160184?
2, 4520023
List the prime factors of 9227270.
2, 5, 13, 70979
List the prime factors of 552929.
13, 42533
List the prime factors of 388811.
293, 1327
List the prime factors of 55595.
5, 11119
What are the prime factors of 267942?
2, 3, 44657
What are the prime factors of 1148489?
1148489
What are the prime factors of 158804?
2, 29, 37
List the prime factors of 65885.
5, 13177
What are the prime factors of 810221?
23, 35227
List the prime factors of 1398230.
2, 5, 37, 3779
What are the prime factors of 497126?
2, 7, 35509
What are the prime factors of 12756748?
2, 31, 102877
List the prime factors of 3418880.
2, 5, 2671
What are the prime factors of 302857?
302857
List the prime factors of 5846362.
2, 61, 173, 277
What are the prime factors of 1080211?
11, 283, 347
List the prime factors of 59458.
2, 7, 31, 137
List the prime factors of 208800.
2, 3, 5, 29
List the prime factors of 13998684.
2, 3, 7, 17, 9803
What are the prime factors of 1800782?
2, 19, 47389
List the prime factors of 3880662.
2, 3, 137, 4721
What are the prime factors of 7036183?
7, 11, 23, 29, 137
List the prime factors of 18882250.
2, 5, 47, 1607
What are the prime factors of 239090?
2, 5, 23909
List the prime factors of 541040.
2, 5, 6763
List the prime factors of 58589.
41, 1429
What are the prime factors of 1649344?
2, 25771
What are the prime factors of 358678?
2, 37, 131
What are the prime factors of 632511?
3, 11, 6389
What are the prime factors of 397447?
53, 7499
What are the prime factors of 632903?
389, 1627
What are the prime factors of 414506?
2, 